ime number?
True
Is 62815367 a composite number?
False
Is 1310201 a composite number?
True
Is 2383279 composite?
True
Is 23957 composite?
False
Is 9798461 a composite number?
False
Is 63880031 a prime number?
True
Is 121183939 a prime number?
False
Is 18979123 a composite number?
True
Is 499044155 a prime number?
False
Is 32128673 a composite number?
False
Is 29982343 a composite number?
True
Is 106849277 prime?
True
Is 2452819 a composite number?
True
Is 1562191 composite?
False
Is 509573957 a composite number?
True
Is 220231 composite?
True
Is 13890251 a prime number?
False
Is 15693067 prime?
False
Is 2460229 composite?
False
Is 2378923 a composite number?
True
Is 8938901 a prime number?
True
Is 181861 a composite number?
True
Is 1129073 a composite number?
True
Is 3300839 a prime number?
False
Is 1550389 a prime number?
False
Is 3935989 a prime number?
True
Is 112161701 a composite number?
True
Is 1160933 prime?
False
Is 228810383 a prime number?
True
Is 40768219 prime?
True
Is 5429401 a composite number?
False
Is 10426114 a prime number?
False
Is 2917454 composite?
True
Is 613247161 composite?
False
Is 26833 prime?
True
Is 389822957 prime?
False
Is 4126391 a composite number?
False
Is 6657797 composite?
False
Is 134009 composite?
True
Is 25273307 prime?
True
Is 4327053 a prime number?
False
Is 135393331 a prime number?
False
Is 619373 a composite number?
False
Is 6051457 a composite number?
False
Is 68342999 a composite number?
True
Is 15118183 composite?
True
Is 599830447 a prime number?
True
Is 1897409 prime?
True
Is 724079 prime?
True
Is 1379811 a prime number?
False
Is 6096503 a prime number?
False
Is 349553 a composite number?
False
Is 17889199 a prime number?
True
Is 13679009 prime?
True
Is 64683053 a composite number?
False
Is 180179 composite?
False
Is 174329 a prime number?
True
Is 24416421 a prime number?
False
Is 543247 prime?
False
Is 6029 composite?
False
Is 4436477 a prime number?
True
Is 3010757 a prime number?
True
Is 287659 a composite number?
True
Is 4979739 a composite number?
True
Is 42048683 composite?
False
Is 50019843 composite?
True
Is 45954571 prime?
False
Is 54921583 prime?
False
Is 5325767 prime?
True
Is 1890294793 a prime number?
True
Is 822767 a composite number?
True
Is 278468357 composite?
False
Is 9336598 a composite number?
True
Is 4869409 prime?
False
Is 3782021 composite?
False
Is 3417937 a composite number?
False
Is 13116437 a prime number?
False
Is 8567183 composite?
True
Is 904261 a prime number?
True
Is 20451677 a composite number?
False
Is 5649497 prime?
False
Is 3044711 a prime number?
True
Is 1495135 prime?
False
Is 940361 prime?
True
Is 3252293 a prime number?
False
Is 257084579 composite?
False
Is 33707951 prime?
True
Is 144586181 prime?
False
Is 4359503 a prime number?
True
Is 53376023 composite?
False
Is 3956227 prime?
False
Is 2865389 composite?
True
Is 46940629 a composite number?
True
Is 27992509 composite?
True
Is 64658257 a prime number?
True
Is 271961 a prime number?
False
Is 7195909 prime?
False
Is 76010689 prime?
False
Is 18345863 prime?
True
Is 11509321 a prime number?
False
Is 1443781 composite?
False
Is 3420913 a prime number?
True
Is 172233463 prime?
False
Is 44885833 a prime number?
True
Is 203677403 composite?
False
Is 16685729 a composite number?
True
Is 108977613 composite?
True
Is 148609 composite?
False
Is 105419 prime?
False
Is 4749377 a composite number?
False
Is 273778199 a prime number?
False
Is 77138939 a composite number?
True
Is 5007907 composite?
False
Is 4778981 composite?
False
Is 860436529 composite?
False
Is 120074631 a composite number?
True
Is 14425607 a prime number?
False
Is 174745 prime?
False
Is 17175001 composite?
True
Is 24581273 a composite number?
True
Is 652541 composite?
False
Is 5946541 prime?
True
Is 7189279 a composite number?
True
Is 4387039 composite?
False
Is 11576867 a composite number?
True
Is 56200091 composite?
False
Is 1450373 prime?
False
Is 20882663 prime?
True
Is 65402833 composite?
False
Is 153066271 a composite number?
True
Is 3568567 a prime number?
True
Is 6702753 a prime number?
False
Is 67679 prime?
True
Is 50800487 a composite number?
False
Is 1131770263 a prime number?
False
Is 13595911 composite?
True
Is 734083 a prime number?
False
Is 35218657 composite?
False
Is 1595533 composite?
True
Is 5218793 prime?
True
Is 114340103 a composite number?
True
Is 125346703 composite?
False
Is 580711 a prime number?
True
Is 29792219 prime?
False
Is 4893341 a composite number?
False
Is 532423 prime?
False
Is 405577 a composite number?
False
Is 1912883 prime?
False
Is 4281611 composite?
True
Is 34735814 a composite number?
True
Is 54794 prime?
False
Is 58776087 a prime number?
False
Is 10204771 composite?
False
Is 216481121 a composite number?
False
Is 15712283 a prime number?
True
Is 1307278751 composite?
False
Is 20860717 a composite number?
True
Is 144194413 prime?
False
Is 232955831 composite?
False
Is 3129663 prime?
False
Is 2803399 composite?
False
Is 937889 a composite number?
True
Is 7348987 prime?
True
Is 13378679 a composite number?
True
Is 3124937 a prime number?
False
Is 80517461 a composite number?
False
Is 2525933 prime?
True
Is 239899813 a composite number?
True
Is 82342411 composite?
True
Is 83734895 a prime number?
False
Is 240293831 a prime number?
True
Is 1743397 composite?
False
Is 13963021 prime?
True
Is 3335587283 prime?
False
Is 35935841 composite?
True
Is 5449709 composite?
True
Is 5455081 a composite number?
True
Is 40245449 a prime number?
False
Is 2023061 a prime number?
True
Is 589490435 prime?
False
Is 85307149 prime?
True
Is 1114193 composite?
False
Is 103630403 composite?
False
Is 1018151 a prime number?
False
Is 287800523 composite?
False
Is 440135741 a prime number?
False
Is 3405349 a prime number?
False
Is 20924093 composite?
True
Is 42154313 a composite number?
True
Is 84995689 composite?
False
Is 42446917 prime?
True
Is 830593 a prime number?
False
Is 435354013 composite?
False
Is 154975083 a prime number?
False
Is 85140493 a prime number?
True
Is 18934847 a composite number?
False
Is 10124669 composite?
True
Is 672535821 a prime number?
False
Is 123801907 a composite number?
False
Is 14367527 a composite number?
True
Is 7677487 a composite number?
False
Is 117643 prime?
True
Is 1077857 composite?
True
Is 21163321 a prime number?
False
Is 110253821 a composite number?
True
Is 134094247 a composite number?
True
Is 5761039 prime?
False
Is 9561 composite?
True
Is 91074107 a prime number?
True
Is 1811077 a prime number?
False
Is 9035749 prime?
False
Is 52691887 prime?
True
Is 9986987 prime?
True
Is 40927373 a prime number?
False
Is 4475539 composite?
True
Is 3561169 a composite number?
True
Is 299779 a prime number?
False
Is 133080026 composite?
True
Is 1467749 a composite number?
False
Is 90797611 a composite number?
False
Is 1099811329 composite?
False
Is 4912529 prime?
True
Is 89098927 prime?
True
Is 6254723 prime?
False
Is 72475261 a composite number?
False
Is 75967 a composite number?
False
Is 68969651 composite?
False
Is 3812177 a composite number?
False
Is 45986911 a composite number?
False
Is 34169753 composite?
False
Is 59792819 prime?
True
Is 184289167 prime?
False
Is 33044183 a prime number?
True
Is 985121 prime?
True
Is 5262065 a composite number?
True
Is 868877 composite?
False
Is 4498751 a composite number?
True
Is 14050783 prime?
True
Is 2042681 a prime number?
True
Is 5467655 prime?
False
Is 418256021 a prime number?
True
Is 872041 a prime number?
True
Is 1301387 a prime number?
True
Is 39821 prime?
True
Is 33616523 a composite number?
False
Is 64164133 a composite number?
True
Is 1371814 composite?
True
Is 34626713 composite?
True
Is 66114197 a composite number?
False
Is 81053143 a composite number?
False
Is 973393 a prime number?
False
Is 117047071 composite?
False
Is 119721209 composite?
True
Is 154304951 a prime number?
True
Is 257764249 a prime number?
True
Is 237853619 prime?
True
Is 1685761151 composite?
False
Is 42382421 a composite number?
False
Is 4728983 composite?
True
Is 34076657 a composite number?
True
Is 1637813 a composite number?
False
Is 3147311 a composite number?
False
Is 48630683 composite?
False
Is 771423 a prime number?
False
Is 148777061 prime?
True
Is 2482651 prime?
Tr